
True
Is 1366081607 composite?
True
Is 5101211 composite?
False
Is 1407751 composite?
False
Is 3425237 a composite number?
True
Is 87305739 composite?
True
Is 1959593 prime?
True
Is 1829171 a prime number?
True
Is 2561383 a prime number?
False
Is 7781231 prime?
True
Is 147822851 a prime number?
False
Is 127987949 a prime number?
True
Is 1289963 composite?
False
Is 29231581 a prime number?
True
Is 19060469 a prime number?
False
Is 1099711 a composite number?
False
Is 997874 composite?
True
Is 102929 a prime number?
True
Is 4680199 a composite number?
False
Is 28609445 composite?
True
Is 2246633 a composite number?
False
Is 4260073 a prime number?
True
Is 27416783 prime?
False
Is 22308379 a prime number?
True
Is 1797793 prime?
False
Is 46715173 prime?
True
Is 1276213 composite?
False
Is 70579643 a prime number?
True
Is 13889441 a prime number?
True
Is 361477 a prime number?
False
Is 1261888163 prime?
True
Is 11013829 prime?
True
Is 278387137 a composite number?
True
Is 53353973 a composite number?
True
Is 32425321 a composite number?
True
Is 92078527 a prime number?
False
Is 7892659 a prime number?
True
Is 5737081 prime?
False
Is 6396343 composite?
True
Is 36891919 composite?
False
Is 21339349 a prime number?
True
Is 41517989 a prime number?
True
Is 90659 composite?
False
Is 518019 composite?
True
Is 74534113 a prime number?
True
Is 445823 a prime number?
False
Is 188392637 a composite number?
False
Is 2148397 a prime number?
True
Is 296955437 a composite number?
True
Is 2339089 prime?
True
Is 6345007 a composite number?
False
Is 6981914 a composite number?
True
Is 13094441 a prime number?
True
Is 102356323 prime?
True
Is 416906603 a composite number?
True
Is 139777387 a prime number?
False
Is 35646137 a composite number?
True
Is 20002417 prime?
True
Is 8179151 prime?
True
Is 153851329 composite?
False
Is 4544983 composite?
True
Is 8589677 a prime number?
True
Is 357715513 a composite number?
True
Is 88254347 a composite number?
False
Is 27191399 a composite number?
True
Is 544889 composite?
False
Is 117758569 composite?
False
Is 29211029 a composite number?
False
Is 2046181 prime?
False
Is 226974587 a composite number?
True
Is 4327129 composite?
True
Is 14014823 a prime number?
False
Is 6847033 a prime number?
True
Is 4208083 prime?
False
Is 32696917 a composite number?
True
Is 2895047 a composite number?
False
Is 386143 a prime number?
True
Is 37907027 a prime number?
True
Is 14449453 prime?
False
Is 6085811 a composite number?
True
Is 39673379 a composite number?
False
Is 29033419 a prime number?
False
Is 3169169 prime?
True
Is 316814566 a composite number?
True
Is 327455309 composite?
True
Is 16589933 a composite number?
False
Is 3907447 composite?
True
Is 6410059 prime?
True
Is 6501049 prime?
True
Is 10923971 prime?
False
Is 74345989 composite?
False
Is 836807729 composite?
False
Is 10207689 a composite number?
True
Is 7896859 a composite number?
False
Is 5503783 composite?
False
Is 12562787 prime?
True
Is 49265503 a prime number?
False
Is 100133161 prime?
True
Is 86088869 a prime number?
True
Is 13893479 composite?
False
Is 5215713 composite?
True
Is 49507013 a prime number?
False
Is 1420813 composite?
True
Is 57588101 a composite number?
False
Is 35685326 prime?
False
Is 16245431 a prime number?
True
Is 1110839 a composite number?
False
Is 125867447 a prime number?
True
Is 58971545 a composite number?
True
Is 2145127 a prime number?
False
Is 122104001 a prime number?
True
Is 3777539 prime?
True
Is 15320519 composite?
True
Is 18110251 composite?
False
Is 374581274 composite?
True
Is 34523693 composite?
True
Is 258448559 prime?
True
Is 833429 a prime number?
True
Is 3812791 a prime number?
True
Is 70503193 a prime number?
True
Is 5082353 a prime number?
True
Is 18341641 a prime number?
False
Is 30381961 a composite number?
False
Is 504026 a prime number?
False
Is 5791809 composite?
True
Is 2532059 a prime number?
False
Is 84432527 a prime number?
True
Is 119213 a prime number?
False
Is 7304051 a prime number?
True
Is 271530115 a prime number?
False
Is 7535177 prime?
False
Is 1990853 prime?
False
Is 411422629 a composite number?
False
Is 940349 a composite number?
False
Is 48403855 a composite number?
True
Is 3508007 prime?
False
Is 22421437 a prime number?
False
Is 108770693 a prime number?
False
Is 492467 prime?
True
Is 1272813 a prime number?
False
Is 29621915 a prime number?
False
Is 2191169 a composite number?
False
Is 171218539 a prime number?
True
Is 10350251 a prime number?
True
Is 3247863 a composite number?
True
Is 22145429 prime?
True
Is 84983483 a composite number?
True
Is 127276069 composite?
False
Is 5266003 a prime number?
False
Is 180691081 prime?
False
Is 4671503 a composite number?
False
Is 10318783 a prime number?
True
Is 241330787 prime?
False
Is 86486467 composite?
False
Is 106529 prime?
False
Is 1898153 a composite number?
False
Is 742697 a composite number?
False
Is 968003 composite?
False
Is 131909473 a composite number?
True
Is 11611409 a composite number?
True
Is 77954491 prime?
False
Is 76418345 a composite number?
True
Is 6006023 prime?
False
Is 7586939 prime?
True
Is 3879703 composite?
True
Is 14594927 composite?
False
Is 1436359 composite?
True
Is 14517563 prime?
False
Is 40090643 a composite number?
True
Is 116197 prime?
False
Is 39600019 prime?
False
Is 27562291 composite?
True
Is 104942729 prime?
False
Is 3051929 composite?
False
Is 24483139 a composite number?
False
Is 18784993 a prime number?
True
Is 10483373 composite?
True
Is 440849 composite?
False
Is 13577 a prime number?
True
Is 2388443 prime?
True
Is 5586754 composite?
True
Is 1047227 composite?
True
Is 28642071 prime?
False
Is 285842833 composite?
True
Is 2463617 a composite number?
True
Is 7479413 composite?
True
Is 26283413 prime?
False
Is 2073521 composite?
False
Is 712893 a prime number?
False
Is 262829 a prime number?
False
Is 8240383 a prime number?
True
Is 134825123 a composite number?
True
Is 1719829 a composite number?
False
Is 1320117 a prime number?
False
Is 7530059 a composite number?
False
Is 40436363 prime?
False
Is 15547369 composite?
True
Is 2620707 prime?
False
Is 4254449 a prime number?
True
Is 3102029 composite?
True
Is 1062107 prime?
True
Is 9137911 a prime number?
True
Is 56291597 a prime number?
False
Is 51793255 a composite number?
True
Is 2471551 prime?
True
Is 5182843 prime?
False
Is 9627517 composite?
False
Is 1851259 composite?
False
Is 4175227 composite?
True
Is 604517 composite?
False
Is 45601519 prime?
True
Is 10133909 prime?
True
Is 26746739 prime?
True
Is 173586649 composite?
True
Is 2629829 prime?
True
Is 9617893 a composite number?
False
Is 10419557 composite?
False
Is 3970529 a composite number?
False
Is 6788939 a prime number?
True
Is 111151883 composite?
True
Is 40983035 composite?
True
Is 8194885 composite?
True
Is 1704793 prime?
True
Is 9266627 prime?
False
Is 13707779 a composite number?
True
Is 1058443 composite?
False
Is 5185507 a prime number?
True
Is 32558199 prime?
False
Is 1842461 a prime number?
False
Is 3881699 a composite number?
False
Is 6701783 prime?
False
Is 5269259 a prime number?
True
Is 122610293 prime?
False
Is 3739771 a prime number?
False
Is 11399723 prime?
False
Is 79400311 a prime number?
False
Is 3863117 a composite number?
True
Is 6799777 composite?
True
Is 427781 a composite number?
False
Is 3508949 a composite number?
True
Is 1834409 a prime number?
False
Is 7644587 prime?
True
Is 4379741 a composite number?
False
Is 2726809 prime?
True
Is 3804797 a composite number?
False
Is 149884639 a composite number?
False
Is 258815013 prime?
False
Is 18367561 prime?
True
Is 1730759 a prime number?
False
Is 72044737 composite?
True
Is 11106323 prime?
True
Is 5013917 a composite number?
False
Is 95093903 composite?
True
Is 114172321 a composite number?
True
Is 36461599 composite?
False
Is 696881 a prime number?
False
Is 17158811 composite?
False
Is 541361 a composite number?
False
Is 15917873 prime?
True
Is 56085529 prime?
False
Is 37364053 a composite number?
False
Is 8361449 composite?
False
Is 380873 a composite number?
True
Is 3331709 composite?
True
Is 35971561 composite?
True
Is 55813001 prime?
True
Is 385099415 a composite number?
True
Is 7228709 composite?
True
Is 9542011 prime?
False
I